he units digit of w?
6
Let f be 4*2*(-2)/(-4). Suppose 0 = -f*m + m + 126. What is the tens digit of m?
4
Suppose 3*t - 5*t - 3*o + 559 = 0, 0 = 4*o + 12. What is the tens digit of t?
8
Let i be (-220)/(-15) - (-2)/6. Suppose 5*w + i = 4*k + 57, 24 = 2*w + 2*k. What is the tens digit of w?
1
Let y = 5 + -3. Suppose -3*h + y = -0*p - 2*p, 0 = -4*p - 3*h + 14. What is the units digit of p?
2
Suppose 4 + 3 = s. What is the tens digit of -1 + 0 + s + 10?
1
Let m = -13 - -15. Suppose -m*i - 11 = -3*i. What is the units digit of i?
1
Let k be 1/((-3)/(-42)) - 3. Suppose 3*m = m, 4*w + 4*m - 8 = 0. Suppose 1 - k = -5*v - w*f, 2*v - f = 4. What is the units digit of v?
2
Let m be (4/6)/((-2)/(-57)). Suppose -2*l = -7 - m. What is the units digit of l?
3
What is the units digit of 2 - (-18 - (-3 - 0))?
7
Let r(m) = -7*m - 5. Let i = -13 - -8. What is the units digit of r(i)?
0
Let y = 1 + 1. Suppose -4*p - 2 - y = 0. Let o(i) = -8*i + 1. What is the units digit of o(p)?
9
Let n = 0 + -6. Let f be (9/n)/(2/(-8)). What is the units digit of (2 - (f + -2)) + 8?
6
Let c = 4 + -3. Suppose 0 = 5*l + 9 + c. What is the units digit of -2 - l/(4/18)?
7
Suppose -5*x + 1 = -2*i - 6, -3*x + 5*i = -8. Suppose 2*d + 4*l - 12 = -2*d, x = l. What is the units digit of (12/(-30))/(d/(-10))?
2
What is the tens digit of ((-93)/62)/(1 - 267/266)?
9
Suppose -5*y + 10 = -0*y. Suppose d = -d + y. Let i = 6 - d. What is the units digit of i?
5
Let p = 6 + -5. Let w be 6 - (p - 2)*-1. Suppose w*y + 2 = 7. What is the units digit of y?
1
Let h = 4 - 6. Let x be (-5 - h)*(-2 + 1). Let b = 4 - x. What is the units digit of b?
1
Suppose -2*w + 0*w = 5*n - 204, -2*w - 174 = -4*n. What is the tens digit of n?
4
Let z be ((-96)/18)/((-2)/21). Suppose 4*y - 5*g = 2*y + z, -4*g = 0. What is the units digit of y?
8
Let a(g) be the first derivative of -g**4/4 + 3*g**3 - 3*g**2 + 5. What is the units digit of a(8)?
6
Let n = 23 - 18. What is the units digit of n?
5
Suppose 4*q + s - 36 = -6, -5*s = -10. What is the units digit of q?
7
Let p be (-2 - 1 - 0) + 10. What is the units digit of p + -3 + (-1 - 1)?
2
Suppose 9*b - 720 = 4*b. What is the hundreds digit of b?
1
Let g(c) = -c - 8. Let p be g(-11). Let z = -40 + 58. Suppose 24 = 3*j + 5*m, -j + p*j + 4*m - z = 0. What is the units digit of j?
3
Let i be 1/(-2) + (-14)/(-4). Suppose p = i*p - 36. What is the units digit of ((-1)/2)/((-3)/p)?
3
Suppose 0 = -5*i + 4*i - 10. Let a be 2/(2*3/(-6)). What is the units digit of (-116)/(-20) + a/i?
6
Let v = -33 - -23. Let s be (-48)/30*v/4. Let q = s + 4. What is the units digit of q?
8
What is the units digit of (-31 + 20)/(2/(-12))?
6
Suppose 4*v + 4 = 0, -3*y + 2*v + 0*v - 31 = 0. Let u(m) = m**2 + 9*m + 3. What is the units digit of u(y)?
5
Suppose -i - a + 5 = 2*i, 13 = 3*i + 5*a. Let c be 10/(-2)*(-2 + i). Suppose -d - 23 = -3*q - 5*d, c*d - 29 = -4*q. What is the units digit of q?
1
Let j = 569 - 235. What is the hundreds digit of j?
3
Suppose -f + 3*f - 8 = 0. Suppose f*d = -4 + 16. What is the units digit of (d - 4) + (-5)/(-1)?
4
Let c(r) = -2*r**3 + 8*r**2 + 2*r. Let q(s) = s**3. Let i(u) = -c(u) - 3*q(u). What is the tens digit of i(-8)?
1
Let a be 1/((-12)/(-10) - 1). Let z = 41 + -33. Suppose 2*q - a = q - g, -2*q - z = -4*g. What is the units digit of q?
2
Suppose 23 = b + 3. Let n = -13 + b. Suppose 5 = -h, -q + n + 1 = 2*h. What is the units digit of q?
8
Let q = -130 + 266. What is the hundreds digit of q?
1
Let j(t) = -t - 3 + 4 + 3*t + 6*t. Let q be j(1). Let u(m) = -m**2 + 11*m - 8. What is the tens digit of u(q)?
1
Let k(l) = 9*l + 1. What is the tens digit of k(6)?
5
Suppose -2*h + 11 = -41. Suppose h = -7*q + 9*q. What is the tens digit of q?
1
Suppose -1834 = 97*a - 104*a. What is the tens digit of a?
6
Suppose 0 = 6*g - 88 - 422. What is the tens digit of g?
8
Let t(c) = 1 - c - 2*c + 6*c - c. Suppose 4*d - 18 = -2*l, 3*d = -8*l + 4*l + 21. What is the units digit of t(d)?
7
Let w(g) = -2*g + 1. What is the units digit of w(0)?
1
Let n(l) = l**2 - 4*l + 4. Let s be n(4). Suppose s*m - 101 = 67. Suppose -2*o + 3*g + m = 0, 3*g = -4*o + 2*o + 18. What is the tens digit of o?
1
Suppose j = -5*b - 0*j + 683, -550 = -4*b + j. What is the units digit of b?
7
Let h(t) be the first derivative of t**3/3 + 2*t + 1. Let j(a) = -a**3 + 16*a**2 - 16*a + 12. Let s be j(15). What is the units digit of h(s)?
1
Let c be 13/11 - (-6)/(-33). Let b(h) = c + 6*h**2 - 5*h**2 - 3*h**2 + 0*h**3 - 7*h**3. What is the units digit of b(-1)?
6
Suppose 4*z = z + 3, -2*z = -2*p - 26. Let u = 24 + p. What is the units digit of u?
2
Suppose -3*s + 4*s + 6 = 0. Let v be ((-12)/(-4))/(s/(-4)). Suppose -3*m + m = 0, -m - 8 = -v*o. What is the units digit of o?
4
Let l = 1 + 1. Suppose 8 = l*i - 84. What is the units digit of i?
6
Suppose 6*w = 5*w - 2*n + 23, -5*w + 127 = 4*n. Suppose 3*t = -0*t + w. What is the units digit of t?
9
Let c(p) = 22*p**2 - 1. Let v be c(1). Suppose 4*q = -3*l - v, 3*q + 14 = 3*l + 56. Let n = 15 + l. What is the units digit of n?
4
Suppose -1 = 2*n - 9. Suppose n*x = -5*t + 19, -5*x + 10 = 3*t - 4. Suppose 5*v = k + k - x, -3*v + 4*k - 9 = 0. What is the units digit of v?
1
Suppose -5*z - 3*g = -25, -5*g + 30 = 5*z - g. Suppose -2*p + 4 = 0, -3*m - 6*p + z*p = -17. What is the units digit of m?
3
Let v = -72 + 167. What is the tens digit of v?
9
Suppose b + 0*b + 28 = 0. Let d = b + 45. What is the tens digit of d?
1
Let o be 2/(3/(-6)*-4). Let g = o + 2. Suppose -g*i + 28 = -h, i - 4*h + 12 = -9*h. What is the units digit of i?
8
Let s be 2/4*6 + -1. Suppose 0 = s*x - 3 + 1. What is the units digit of x?
1
Let v(c) = 3*c**3 + 7 + 1 - 4*c**3 + c**2 - c. What is the units digit of v(0)?
8
Let i(c) = c**2 - 1. Let m be i(3). Let q = m - 5. Suppose l = -0*l + 4*r - 8, q*r - 12 = 0. What is the units digit of l?
8
Let i(v) = -11*v**2 + 1. Let p be (-3)/(-6)*2*1. Let m be i(p). Let h = -3 - m. What is the units digit of h?
7
What is the tens digit of (-6)/4 - 1003/(-34)?
2
Suppose -3*w - 6 = 0, 0 = -2*l + 6*l + 2*w - 16. Suppose 0 = 2*v - 6, -l*t + 5*v - 13 = -4*t. Suppose -15 = t*f - 5*f. What is the units digit of f?
5
Let q(a) = -a**3 + 4*a**2 + a - 3. Let w = -3 - -3. Suppose w = -p - 2 + 6. What is the units digit of q(p)?
1
Let t(m) = -5*m - 4. Suppose -5*d = -4*d + 3. What is the units digit of t(d)?
1
Let n = 13 - 8. Suppose 5 = n*h - 5. Let m = h + 5. What is the units digit of m?
7
Suppose 0*o = 4*o + 12. Let h be (0 - -3)/(-3)*o. Suppose h*b = -2*v + 6*b + 9, -3*v + 2*b = -16. What is the units digit of v?
6
Suppose 23 = 5*w - y - 3, -14 = -5*w + 4*y. Let f = 8 - 5. Let s = w - f. What is the units digit of s?
3
Let l be (-3 + 3)/3 - -2. Suppose -4*w + 2*q + 550 = 0, 0 = 7*q - l*q + 25. What is the tens digit of 3/(-12) - w/(-12)?
1
Let t = -1 + 31. What is the units digit of t?
0
Suppose 0 + 8 = -2*w. What is the units digit of w - (-1 + -2) - -3?
2
Suppose -28 = -7*u + 3*u. Suppose u*a - 8 = 3*a. Suppose r - a*w - 3*w = -9, -2*r + 4*w = -6. What is the units digit of r?
1
Let o(m) = 2*m**3 - 3*m**2 - 3*m. Suppose -w + 1 = 3*q - 6, -3*w = 4*q - 6. What is the tens digit of o(q)?
1
Let s(c) = c**2 - 5*c + 1. Let i = -27 + 23. What is the tens digit of s(i)?
3
Suppose 0 = -5*x - 20, -4*z + x = -227 - 25. What is the units digit of z?
2
Let t = -75 + 115. What is the units digit of t?
0
Suppose -4*k - 26 = -2. Let j be k/(-2) + (3 - -64). Suppose 5*h + 2*v = -v + j, -h = 3*v - 26. What is the units digit of h?
1
Suppose t + t - 104 = 2*q, -5*t - 5*q + 230 = 0. What is the units digit of t?
9
Suppose 15*j = 2099 + 1531. What is the hundreds digit of j?
2
Let q be 78/4 + (-4)/8. Suppose -v + q = 3*p, 0 = 3*p + 2*p + 5*v - 35. What is the units digit of p?
6
Let v(s) = -s - 4. Let b be v(-6). Let y be (-1)/((b + 0)/10). Let z = y + 9. What is the units digit of z?
4
Let d(h) = -h + 22. What is the tens digit of d(4)?
1
Suppose -l - 52 = -3*s, 0*l + l + 34 = 2*s. Suppose -5*p = -2*p - s. What is the units digit of p?
6
Suppose 4*a = -20, p - a - 19 = 4*a. Let o = p + 15. What is the units digit of o?
9
Let q = -93 - -162. What is the units digit of q?
9
Let d(q) = 12*q**2 - 1. What is the tens digit of d(-3)?
0
Suppose 2*a + l - 17 = 0, 2*a + 4*l = 7*a - 62. Let i =